-2). Suppose -2*m + 69 = -t. What are the prime factors of m?
43
Suppose 125*z - 10740 = 119*z. What are the prime factors of z?
2, 5, 179
Let h = 1030 - 728. Suppose -3*z = -h + 59. List the prime factors of z.
3
Let n(s) = -4*s**3 - 4*s - 3. Let k be n(-2). Suppose -2*y - r = -0*r - 62, -r - k = -y. Let w = 59 - y. List the prime factors of w.
2, 13
Let v(a) = -4*a**3 + 3*a**2 - 3*a + 7. What are the prime factors of v(-4)?
17, 19
Let y(u) = 452*u + 8. What are the prime factors of y(1)?
2, 5, 23
Suppose -92 = 4*c - 3*z + 197, -2*z + 294 = -4*c. Let l = 131 + c. List the prime factors of l.
5, 11
Let t = 472 - 274. What are the prime factors of t?
2, 3, 11
Let r(c) = 4*c**2 + 71*c + 37. List the prime factors of r(16).
13
What are the prime factors of (-11)/44 + (20415/(-12))/(-5)?
2, 5, 17
Let i be 2/22 + 231/121. Suppose -l = -i*r + 160 + 64, 5*r + 3*l - 571 = 0. What are the prime factors of r?
113
Let x(q) = 4*q - q - 7 - 3 - 4*q. Suppose 3*n + 14 + 25 = 0. List the prime factors of x(n).
3
Suppose 0 = 21*z + 2*z - 16353. List the prime factors of z.
3, 79
Suppose 0*b = 6*b + 210. What are the prime factors of ((b - 5) + 1)*(2 - 3)?
3, 13
Suppose -10*m = -4*m - 888. Suppose 2*n - m = 2*r, 4*r + 11 = -9. List the prime factors of n.
3, 23
Let v(t) = -10*t + 10. Let l be 0 - 0 - (1 - (3 + -17)). List the prime factors of v(l).
2, 5
Suppose 1137 = o - 3*w, -4*o + 5*w + 6574 = 2012. List the prime factors of o.
3, 127
Let g = 976 + -591. What are the prime factors of g?
5, 7, 11
Let o be (36/(-15) - -2) + 12/5. Suppose o*d + 168 = 6*d. What are the prime factors of d?
2, 3, 7
Suppose -1398 = -2*z + 4*n, 0 = -4*z - 26*n + 30*n + 2800. What are the prime factors of z?
701
What are the prime factors of 358/24*39 - (-5)/20?
2, 3, 97
Suppose -d + 1174 = 3*v - 304, 0 = 5*v + 3*d - 2458. What are the prime factors of v?
2, 13, 19
Suppose -w - w - 140 = -4*n, 154 = 4*n + 5*w. Suppose -n = -s + 17. What are the prime factors of s?
53
Let u = 327 + 11. Suppose 0 = -4*f - 2*x + u, -3*f - x + 251 = x. What are the prime factors of f?
3, 29
Suppose -176 = 4*s - 5*y, -3*s - 65 - 67 = 2*y. What are the prime factors of 2/4 - 2618/s?
2, 3, 5
Suppose -3*z + 6 = -6. Let o(x) = -z + 4*x - 3*x + 4 + 10*x**2. What are the prime factors of o(-1)?
3
Let v(j) = 4*j**2 + 1. Let q be v(-1). Suppose 3*t = -3*u + 87, 2*u - 4*t + 4 = 32. Suppose -3*w = w + 4, -k = -q*w - u. List the prime factors of k.
19
Suppose 2*v + 5*w - 11 = 0, 2 = 5*v - 5*w + 27. What are the prime factors of v/(-9) - 3416/(-18)?
2, 5, 19
Suppose -16 - 4 = 2*p. Let t = 15 + p. Suppose 31 = t*f - 3*m, -5*m - 1 + 8 = -f. What are the prime factors of f?
2
Suppose -3*i = -5*m + 62, -3*i - i = 5*m - 34. Let z(c) = -c**3 + 10*c**2 + 12*c + 11. List the prime factors of z(m).
131
Let c = 679 - 31. List the prime factors of c.
2, 3
List the prime factors of 6/(-8) - (-23250)/24.
2, 11
Suppose 410 = 8*a - 4670. List the prime factors of a.
5, 127
Suppose h + 5*n - 2099 = 0, -8*h + 3*n + 6207 = -5*h. What are the prime factors of h?
2, 17, 61
Suppose 3*d + 0*d - 294 = 0. Suppose -2*t - 39 = i - d, 5*t - 4*i - 141 = 0. Let q = -5 + t. What are the prime factors of q?
2, 3
Suppose 7*t + 0*t = 49. Suppose -t*h + 10*h = 9. What are the prime factors of h?
3
Let s(w) = 3*w**3 + 5*w**2 - 7*w - 7. Let d be s(4). Suppose -j = 2*u - 4*u - 70, d = 3*j + 3*u. What are the prime factors of j?
2, 19
Let k be 3 + -10*2/(-4). List the prime factors of (-1 + 0)/(k/(-40)).
5
Let h(j) = -22*j - 6. Let p be h(-6). List the prime factors of (-8)/(-84) - (-4020)/p.
2
Suppose 0 = -2*g - 73 + 81. Suppose 0*q - 3*a = g*q - 100, -4*a = 16. What are the prime factors of q?
2, 7
Suppose -g - 96 = -3*u, 2*g + 2*g = -2*u + 78. What are the prime factors of u?
3, 11
List the prime factors of ((-18)/(-15))/(105084/(-8760) + 12).
2, 73
Suppose s = 2*x - s - 62, 4*s = -x + 6. Suppose c + x = z, 126 = 3*z + 2*z - 4*c. Let p = z - -3. List the prime factors of p.
5
Let b = 43 + -37. What are the prime factors of (b*1)/(18/24)?
2
Suppose 0*i - 2*f + 22 = 3*i, -3*i + f = -7. Suppose -3*b - i*r - 31 = -131, -20 = -b - 4*r. What are the prime factors of b?
2, 5
Let h(g) = -353*g + 108. List the prime factors of h(-7).
2579
Let i be -4*(2 + (-36)/16)*363. List the prime factors of (-1)/1*i/(-3).
11
Suppose 2*c = -2*w + 4886, -8*w + 3*w + 3*c = -12199. List the prime factors of w.
2441
Let g(y) = 2*y**2 - 2*y - 14. Let r = -36 + 30. List the prime factors of g(r).
2, 5, 7
Let t(f) = f - 10. Let k(x) = -x**2 - 10*x + 8. Let z be k(-10). Let u be t(z). What are the prime factors of (-122)/(-6) - u/(-6)?
2, 5
Let d = 4 + -4. Suppose 2*k = -k - 2*q + 35, -5*k + 33 = -3*q. Suppose h - k = -2*s, d = 4*s + 3 + 5. List the prime factors of h.
13
Let c(i) = 7*i - 2 + 11*i + 0 + 16*i. Let q be c(1). Suppose 0 = -3*b + 73 + q. What are the prime factors of b?
5, 7
Let k = 18 + -16. Let y be k + -2 - (2 - 6). What are the prime factors of y - 6 - 1*-8?
2, 3
Let b = -28 + 25. What are the prime factors of (b + -3)/3 - -34?
2
Suppose 0 = i - 0*w + 4*w - 18, 0 = 4*i + 2*w - 16. List the prime factors of i/8*0 - -41.
41
Let x = -19 - 24. Let c be (-1)/(-1 + 0) + 0. Let h = c - x. What are the prime factors of h?
2, 11
Suppose -15 = -3*o, 5*l + 0*l = 3*o - 115. Let i = -22 - -15. Let y = i - l. What are the prime factors of y?
13
Let k(m) = -60*m + 15. Let o be k(-5). Let j = -168 + o. What are the prime factors of j?
3, 7
Let d(a) = -108*a - 5. What are the prime factors of d(-4)?
7, 61
Suppose -20 = -4*j + m, m = -m. Suppose 3*h - 7*h = -3*v + 75, j*h = 0. Suppose v + 149 = 3*n. What are the prime factors of n?
2, 29
Suppose 2*r = -13*r + 13830. List the prime factors of r.
2, 461
Suppose x + 4*t = -x + 24, 12 = x - 2*t. List the prime factors of (x/(-10))/(6/(-260)).
2, 13
Let t(b) = 51*b - 9. Let u(f) = 2*f**2 - 17*f - 6. Let j be u(9). Let m be t(j). Suppose m = 4*o + 44. List the prime factors of o.
5
Let t = 14506 + -10143. What are the prime factors of t?
4363
Suppose -3*v + 5*r + 815 = 0, 562 = 4*v - 4*r - 522. What are the prime factors of v?
2, 3, 5
List the prime factors of (-85774)/(-18) + 2 + (-40)/18.
5, 953
List the prime factors of (25/(-2))/(-5) - (-1913)/2.
7, 137
Let q be 4 - -3*(2 - (-24)/(-9)). Suppose -q*a + 141 = -21. List the prime factors of a.
3
Let s(w) = w**2 - 9*w + 14. Let g be s(7). Suppose -m = r + 4*m - 49, g = 3*r + 5*m - 197. What are the prime factors of r?
2, 37
Let k be 1 + 39/(-33) - (-168)/77. List the prime factors of 30*((-6)/36)/(k/(-6)).
3, 5
Let n(d) = -d**3 - 2*d**2 - 3*d. Let c be n(-2). Suppose 3*t = 5*l + 70, -2*t - 2*l = -42 + c. What are the prime factors of t?
2, 5
Suppose 1735 = 5*p - 1420. List the prime factors of p.
631
List the prime factors of 14/28 + (-16004)/(-8).
3, 23, 29
Suppose -11187 - 1567 = -14*j. List the prime factors of j.
911
Suppose -2*o + 14 - 4 = 0. Suppose -o*w = 14 - 144. List the prime factors of w.
2, 13
Suppose 4 + 0 = -i. Let g(b) = -4*b - 8. List the prime factors of g(i).
2
Suppose 1 = -2*u - 1. List the prime factors of (u - 113)/(-3) - -1.
3, 13
What are the prime factors of (258/30 + -8)/((-2)/(-730))?
3, 73
Let l = 148 + -70. Suppose l*a - 74*a = 48. List the prime factors of a.
2, 3
Let h be ((-12)/10)/((-2)/(-10)). Let g(a) = a**2 + 5*a - 5. Let k be g(h). List the prime factors of -4 + k + (-200)/(-8).
2, 11
Let q(t) = t**3 - 19*t**2 - 50*t + 68. What are the prime factors of q(24)?
2, 19, 23
Suppose 7*s = 40 + 2. What are the prime factors of (-19)/(s/20*4/(-6))?
5, 19
Suppose 6*u - 55 = 17. Suppose u = 3*q, j + q = -q + 12. Suppose -j*y + 16 = -0. What are the prime factors of y?
2
Let m be (3 + -2 + 84)/((-3)/(-21)). Suppose g = -4*g + m. List the prime factors of g.
7, 17
Let m(h) = h**3 - 7*h**2 + 8*h - 6. Let v be m(5). Let c = -10 - v. Let d(q) = -q**3 + 8*q**2 - 7*q - 4. What are the prime factors of d(c)?
2, 13
Let r(f) be the third derivative of f**6/120 + f**5/6 + f**4/12 - f**3/6 - 19*f**2. List the prime factors of r(-8).
3, 37
Let m be 18/(-45)*2*-5. Suppose 0 = s + 3*s - m. Suppose -13 + s = -4*q. List the prime factors of q.
3
Let c(g) = g**3 - 6*g**2 + 6*g + 7. Let u be c(5). Let w be 4*15/u - 3. Suppose -3*h - w*h - 3*d = -224, 4*h - 2*d = 166. List th